q + 2*m = 3*m + 31, m - 39 = -4*q. List the prime factors of q.
2, 5
Suppose 0 = -0*w + 2*w. Suppose -2*i + i + 57 = w. List the prime factors of i.
3, 19
Let c = 34 - 0. Suppose 12*j - c = 10*j. List the prime factors of j.
17
Suppose -i = 5*m + i - 861, 3*m - 5*i = 498. List the prime factors of m.
3, 19
Let f = -5 + 2. Let x = 2 - f. What are the prime factors of x?
5
Let w be ((-2)/(-2) - 0) + 11. Let d = w + -5. List the prime factors of d.
7
Let v(z) = -z**3 + 9*z**2 - 3*z - 2. List the prime factors of v(7).
3, 5
Suppose -2*o + 50 = f + f, 4*f - 120 = o. What are the prime factors of f?
29
Let a(q) = -q + 1. Suppose 2*z + 2*z - 12 = 0. Suppose 3*p + 9 = -0*p - x, -5 = -2*p + z*x. List the prime factors of a(p).
3
Suppose -3*q + 4*u = -6, -2*q + 0 + 4 = 5*u. Suppose 2 = -v + 6. Suppose 3*f + 4*b = 20, f - v*b - 28 = -q*f. List the prime factors of f.
2
Suppose 0 = -t + 3*t + 18. Let b = 14 - t. List the prime factors of b.
23
Suppose 13*y = 281 - 34. List the prime factors of y.
19
Let r(u) = -u + 2. Let s be r(6). Let w(a) = -a**2 + a + 1. Let p(b) = 5*b**2 - 3*b - 8. Let c(o) = p(o) + 4*w(o). What are the prime factors of c(s)?
2
Suppose s - 6 = 41. Suppose 17 = -5*t + s. What are the prime factors of t?
2, 3
Let n = 123 - 57. What are the prime factors of n?
2, 3, 11
Let b(l) be the first derivative of l**5/120 - l**4/24 - l**3/3 - 1. Let d(w) be the third derivative of b(w). List the prime factors of d(5).
2
Suppose h + 31 = 4*u, -4*h = u - 0*u - 12. Suppose 3*n = u*n - 10. What are the prime factors of n?
2
Let q be (2 - 1)/(2/4). Suppose -15 = -q*v - 3. What are the prime factors of v?
2, 3
Let y = 18 - 14. What are the prime factors of y?
2
Let s be 29 + (3 - 9)/3. Suppose 0 = x + 7 - s. List the prime factors of x.
2, 5
Let x(a) = 50*a**2 - 2*a + 1. Let y be x(1). Let q = y + -29. What are the prime factors of q?
2, 5
Suppose 2*x - 34 = 14. List the prime factors of x.
2, 3
Suppose 4*f - 6*f = -2. Let z(n) = -n**3 + 7*n**2 - 5*n - 4. Let r be z(6). Suppose -r*l = -f - 5. What are the prime factors of l?
3
Let f(o) be the second derivative of o**5/20 - o**3/3 + o**2/2 + 3*o. Let v be f(2). Let w = v + -3. What are the prime factors of w?
2
Let l = -64 + 146. List the prime factors of l.
2, 41
Suppose 6 + 2 = 4*c. Suppose -3*h - c = -32. What are the prime factors of h*(-3)/(-3 + -3)?
5
Let y(i) = -i**3 + 3*i**2 - i + 4. Let g be y(4). Let p = g + 36. What are the prime factors of p?
2, 5
Let r(t) = -t**3 - 7*t**2 + 2*t - 2. Let p be r(-7). Let z = p + 22. Suppose -b = 2*b - z. What are the prime factors of b?
2
Let w(n) = -n - 5. Let c be w(-8). Let v = c - 1. What are the prime factors of v?
2
Suppose 16 = 13*l - 1817. What are the prime factors of l?
3, 47
Let a(i) be the second derivative of -i**3/3 + i**2 + i. List the prime factors of a(-14).
2, 3, 5
Let l = -11 - -11. Suppose 3*o + 9 = 4*w, -2 + l = -2*o. List the prime factors of w.
3
Suppose -4*z = -16, -180 = -3*m + 4*z + 425. List the prime factors of m.
3, 23
Let f(a) = 3*a - 7. Let h be f(10). Suppose 2*r - 21 = h. List the prime factors of r.
2, 11
Suppose 2*a - 69 = -3*v + 69, 3*a - 5*v = 245. List the prime factors of a.
3, 5
Let x be 3/(-9)*-3*2. What are the prime factors of (-5)/(-3)*(x - -1)?
5
Let l be 15/2 - 3/6. Let x be 5/l - 4/(-14). Suppose x = d - 5. What are the prime factors of d?
2, 3
Let w = 55 + 69. List the prime factors of w.
2, 31
Suppose 29 = 4*p + 3*d, -4*d + 15 = 2*p + 3. Suppose r = -r + p. What are the prime factors of 2*(3/3 + r)?
2, 5
Let c(t) = -t**2 + 11*t + 16. Let s = 8 + 4. What are the prime factors of c(s)?
2
Let j(m) be the second derivative of m**3/3 - m**2 + 2*m. Suppose 0 = c - 0*c - 4. List the prime factors of j(c).
2, 3
Suppose 3*f - 4*t = 347, -239 = -2*f - 7*t + 2*t. What are the prime factors of f?
3, 13
Let x(d) = -d**3 + 7*d**2 + 7*d - 3. Let a be x(8). Let w = a - -7. List the prime factors of (-50)/w + 1/(-2).
2, 3
Let a(c) be the first derivative of -2 - c**2 + 5/3*c**3 - c. List the prime factors of a(-1).
2, 3
Let s(d) = -d + 12. Let y be s(10). What are the prime factors of (3 - y)/((-6)/(-84))?
2, 7
Suppose -4*l - 182 = 102. Let f = -38 - l. What are the prime factors of f?
3, 11
Let j(n) = -n**3 - 2*n**2 + 5*n + 3. Let f be j(-4). List the prime factors of 10/f + (-284)/(-6).
2, 3
Suppose 131 = -4*d + 7*d + u, -4*d = -3*u - 192. List the prime factors of d.
3, 5
Suppose -2*y = -1 - 29. List the prime factors of y.
3, 5
Let f = -124 + 178. Let b = f - 32. What are the prime factors of b?
2, 11
Let x be (5 + 0/2)*1. Suppose x*t - 105 = -0*t. List the prime factors of t.
3, 7
Let z(p) be the first derivative of 3*p**4/2 + p**3/3 - p**2/2 + 3*p - 4. Let u(y) be the first derivative of z(y). List the prime factors of u(1).
19
Let v(i) = -3*i**2 + 30*i**2 + 10*i**2 - 2*i + 0*i. List the prime factors of v(1).
5, 7
Suppose -4*x + 88 = 4*v, -5*v = -x + 50 - 178. Let i = v - -1. Suppose h = 3*h - i. List the prime factors of h.
13
Let v be (-1372)/70 - (-4)/(-10). Let o = v - -74. What are the prime factors of o?
2, 3
Suppose 3*l = 2*a - 72, l - 4 = -l. What are the prime factors of a?
3, 13
Let j = -9 + 6. Let n be ((-1)/j)/(2/30). Suppose -n*h = 2*y - 37, 0 = -3*h + 4*h + 3*y - 10. List the prime factors of h.
7
What are the prime factors of (-2)/(4/(-4)) - 664/(-4)?
2, 3, 7
Suppose -4*q + 6*s = 3*s - 18, 3*s - 18 = -2*q. Suppose 72 = q*y - 3*y. What are the prime factors of y?
2, 3
Let c = 457 + -205. List the prime factors of c.
2, 3, 7
Let n(r) = -2*r**2 + 4*r + 44. Let q(z) = 3*z**2 - 5*z - 43. Let d(y) = 4*n(y) + 3*q(y). What are the prime factors of d(0)?
47
Suppose 5*i + 6 = -49. Let p = i - -23. What are the prime factors of p?
2, 3
Let s(u) = 2*u**2 - 3*u + 1. Let w be s(2). Suppose 0 = -4*k + 4, 4*k - 64 = -2*d - w*d. List the prime factors of d.
2, 3
Let u(l) = 4*l**2 + 7*l - l**2 - 4*l + 1. What are the prime factors of u(-2)?
7
Let d(r) = r**3 - 9*r**2 - 4*r + 12. What are the prime factors of d(10)?
2, 3
Let t be (-4 + -2)/(-3) - 0. Suppose -h - 3*k + 10 = h, 3*h - 28 = t*k. List the prime factors of h.
2
Suppose 0*q + 4 = q. Suppose -3*c + 1 = -4*c. Let d = q + c. What are the prime factors of d?
3
Let m(o) = o. Let d be m(6). List the prime factors of 14/21*d/2.
2
Let g be 8/(((-3)/(-5))/3). Let q = g + -20. What are the prime factors of q?
2, 5
Let g = 3 - 1. Suppose -3*v - g*q + 2 = 0, 5*v = 4*q + 55 - 15. Suppose r + 2 - v = 0. What are the prime factors of r?
2
Let v(k) = -k**2 + 6*k + 3. Let y be v(6). Let p be 6/(-4)*(-1 + y). Let l = 3 - p. List the prime factors of l.
2, 3
Let v(f) = f**3 - 5*f**2 + 2*f + 3. Let z be v(3). Let o be 3/((-6)/4) - z. Let w = -2 + o. What are the prime factors of w?
5
Let m = -18 + 66. List the prime factors of m.
2, 3
Suppose -4*q + 7 = -5. Suppose -4*k + 41 = -k - 2*n, -q*n - 24 = -2*k. What are the prime factors of k?
3, 5
Suppose -40 = 5*l - 10. What are the prime factors of 36/(-10)*(l - -1)?
2, 3
Let d(t) = 2*t + 6*t**3 - 4 - 3*t**3 - t**2 - 4*t**3. Suppose -4*k - w = 17 - 4, k = -5*w - 8. What are the prime factors of d(k)?
2
Suppose 0 = -6*t + 70 - 10. List the prime factors of t.
2, 5
Suppose -4*g - x + 5*x = -100, -g = -2*x - 29. What are the prime factors of g?
3, 7
Let g(b) = -8*b**2 - b - 2. Let i be g(-1). List the prime factors of (-6)/(-27) - 79/i.
3
Suppose 5*v + 0*w = -4*w + 80, v = 5*w + 45. What are the prime factors of v?
2, 5
Suppose 10*j - 14*j + 152 = 0. What are the prime factors of j?
2, 19
Suppose -5*f + 13*f = 72. What are the prime factors of f?
3
Let w(i) = -i**3 + 14*i**2 + 15*i + 33. What are the prime factors of w(14)?
3
Let q be (-2)/4*(-3 - -1). Suppose 7 - q = 3*g. Suppose -2*x + g*u + 16 = 0, 0 = x - 5*x + u + 35. List the prime factors of x.
3
Let c = 7 + -4. Suppose 3*j + 7 = -v + 3*v, 2*v = -c*j + 13. Suppose 2*q - j = 5. What are the prime factors of q?
3
Let l(g) = -17*g + 1. Let h(k) = -8*k + 1. Let n(m) = -9*h(m) + 4*l(m). Let y(b) = -3*b + 6. Let z(q) = -5*n(q) - 6*y(q). List the prime factors of z(-8).
5
Let v be (4/6)/((-2)/156). Let b = 73 + v. List the prime factors of b.
3, 7
Let m(v) = -v**3 - 5*v - 2. What are the prime factors of m(-3)?
2, 5
Let s(i) = -i**2 + 2*i - 1. Let t be s(5). Let n be (-15)/((-4)/(24/9)